y 484.
202
Calculate the remainder when 14672 is divided by 1623.
65
Calculate the remainder when 462399 is divided by 17.
16
What is the remainder when 329950 is divided by 914?
910
Calculate the remainder when 1220 is divided by 1185.
35
What is the remainder when 150 is divided by 120?
30
What is the remainder when 33093 is divided by 363?
60
What is the remainder when 25823 is divided by 41?
34
What is the remainder when 1188 is divided by 380?
48
What is the remainder when 3131 is divided by 511?
65
What is the remainder when 20969 is divided by 221?
195
Calculate the remainder when 3941 is divided by 423.
134
What is the remainder when 9370 is divided by 65?
10
What is the remainder when 5926 is divided by 360?
166
What is the remainder when 183198 is divided by 269?
9
What is the remainder when 546435 is divided by 54643?
5
What is the remainder when 392921 is divided by 108?
17
Calculate the remainder when 6415 is divided by 2114.
73
What is the remainder when 13083 is divided by 4180?
543
Calculate the remainder when 10607 is divided by 172.
115
What is the remainder when 10981 is divided by 42?
19
Calculate the remainder when 38067 is divided by 73.
34
Calculate the remainder when 1187 is divided by 110.
87
Calculate the remainder when 1236891 is divided by 412297.
0
Calculate the remainder when 6967 is divided by 387.
1
Calculate the remainder when 3601 is divided by 1970.
1631
What is the remainder when 9386 is divided by 781?
14
What is the remainder when 971 is divided by 210?
131
What is the remainder when 425075 is divided by 647?
643
What is the remainder when 99192 is divided by 15?
12
Calculate the remainder when 22520 is divided by 496.
200
What is the remainder when 322342 is divided by 222?
220
What is the remainder when 1146359 is divided by 1640?
1639
Calculate the remainder when 218935 is divided by 31267.
66
What is the remainder when 121877 is divided by 937?
67
What is the remainder when 6574 is divided by 365?
4
What is the remainder when 5149244 is divided by 192?
188
What is the remainder when 8838 is divided by 30?
18
Calculate the remainder when 30797 is divided by 11.
8
What is the remainder when 142608 is divided by 277?
230
Calculate the remainder when 4728 is divided by 2334.
60
What is the remainder when 559264 is divided by 79892?
20
Calculate the remainder when 2886 is divided by 1396.
94
Calculate the remainder when 137335 is divided by 335.
320
What is the remainder when 182304 is divided by 161?
52
Calculate the remainder when 144916 is divided by 721.
716
What is the remainder when 1170 is divided by 657?
513
Calculate the remainder when 2386596 is divided by 50.
46
Calculate the remainder when 10208444 is divided by 15.
14
What is the remainder when 504415 is divided by 168134?
13
What is the remainder when 303 is divided by 18?
15
Calculate the remainder when 17014 is divided by 12.
10
Calculate the remainder when 86264 is divided by 28748.
20
What is the remainder when 54275 is divided by 960?
515
What is the remainder when 165823 is divided by 275?
273
What is the remainder when 61402 is divided by 1253?
5
What is the remainder when 1479 is divided by 643?
193
Calculate the remainder when 19646 is divided by 1091.
8
Calculate the remainder when 3472360 is divided by 14.
10
Calculate the remainder when 123145 is divided by 20521.
19
What is the remainder when 1498 is divided by 703?
92
Calculate the remainder when 7265 is divided by 605.
5
Calculate the remainder when 10507 is divided by 743.
105
Calculate the remainder when 25591 is divided by 7.
6
Calculate the remainder when 377420 is divided by 23.
13
What is the remainder when 13541 is divided by 462?
143
Calculate the remainder when 14031 is divided by 1017.
810
What is the remainder when 2147 is divided by 197?
177
What is the remainder when 741 is divided by 463?
278
What is the remainder when 2968 is divided by 493?
10
What is the remainder when 260137 is divided by 573?
568
Calculate the remainder when 10695 is divided by 49.
13
Calculate the remainder when 2128 is divided by 101.
7
What is the remainder when 1039 is divided by 21?
10
Calculate the remainder when 80538 is divided by 5368.
18
What is the remainder when 795 is divided by 40?
35
What is the remainder when 23752 is divided by 89?
78
What is the remainder when 166193 is divided by 146?
45
What is the remainder when 11200 is divided by 9?
4
Calculate the remainder when 199661 is divided by 131.
17
What is the remainder when 832 is divided by 242?
106
Calculate the remainder when 2954 is divided by 243.
38
Calculate the remainder when 2917 is divided by 2911.
6
What is the remainder when 4467 is divided by 165?
12
Calculate the remainder when 12169 is divided by 297.
289
Calculate the remainder when 2678 is divided by 64.
54
Calculate the remainder when 30660 is divided by 47.
16
Calculate the remainder when 1677 is divided by 545.
42
Calculate the remainder when 799 is divided by 69.
40
What is the remainder when 52575 is divided by 21?
12
Calculate the remainder when 2181 is divided by 687.
120
Calculate the remainder when 3919 is divided by 625.
169
What is the remainder when 521239 is divided by 305?
299
What is the remainder when 1075 is divided by 265?
15
What is the remainder when 73977 is divided by 167?
163
What is the remainder when 405125 is divided by 318?
311
What is the remainder when 798837 is divided by 42?
39
Calculate the remainder when 2904 is divided by 171.
168
Calculate the remainder when 2501 is divided by 728.
317
What is the remainder when 197727 is divided by 11631?
0
What is the remainder when 13902 is divided by 4?
2
What is the remainder when 259426 is divided by 261?
253
Calculate the remainder when 33173 is divided by 111.
95
Calculate the remainder when 506 is divided by 277.
229
What is the remainder when 1149 is divided by 364?
57
What is the remainder when 604 is divided by 600?
4
What is the remainder when 7903 is divided by 795?
748
Calculate the remainder when 11094 is divided by 5343.
408
Calculate the remainder when 19431 is divided by 1618.
15
What is the remainder when 1151355 is divided by 7?
2
What is the remainder when 4837 is divided by 400?
37
What is the remainder when 882092 is divided by 1553?
1541
What is the remainder when 6124 is divided by 181?
151
Calculate the remainder when 33608 is divided by 26.
16
What is the remainder when 364013 is divided by 16?
13
Calculate the remainder when 1141 is divided by 317.
190
Calculate the remainder when 32581 is divided by 423.
10
What is the remainder when 174070 is divided by 211?
206
Calculate the remainder when 2769 is divided by 312.
273
What is the remainder when 1615 is divided by 30?
25
What is the remainder when 49498 is divided by 9892?
38
Calculate the remainder when 142410 is divided by 14240.
10
Calculate the remainder when 687800 is divided by 13.
9
What is the remainder when 86142 is divided by 10?
2
Calculate the remainder when 445 is divided by 222.
1
What is the remainder when 475 is divided by 387?
88
What is the remainder when 6333 is divided by 22?
19
What is the remainder when 4520 is divided by 276?
104
What is the remainder when 10438 is divided by 5136?
166
What is the remainder when 4377 is divided by 65?
22
Calculate the remainder when 12823 is divided by 207.
196
Calculate the remainder when 663 is divided by 30.
3
Calculate the remainder when 64663 is divided by 2085.
28
Calculate the remainder when 191166 is divided by 13654.
10
Calculate the remainder when 5770 is divided by 394.
254
What is the remainder when 17387 is divided by 21?
20
Calculate the remainder when 11353 is divided by 117.
4
What is the remainder when 26132 is divided by 242?
238
What is the remainder when 48442 is divided by 25?
17
Calculate the remainder when 76981 is divided by 385.
366
Calculate the remainder when 3278 is divided by 3197.
81
What is the remainder when 6763 is divided by 55?
53
What is the remainder when 933591 is divided by 311192?
15
Calculate the remainder when 71899 is divided by 197.
191
What is the remainder when 85438 is divided by 81?
64
Calculate the remainder when 27350 is divided by 9.
8
What is the remainder when 82479 is divided by 9143?
192
What is th